1072 + 0*5/l. Suppose -5*h + 240 = 3*t - b, t - 262 = -h. List the prime factors of h.
263
Suppose -3*z + 4072 = 5*j, -3*z + 790 = 4*j - 2467. Suppose 3*x - 1 - 11 = 0. Suppose u - 198 = -5*p, x*p + j = 4*u + p. List the prime factors of u.
7, 29
Let x(f) = 33463*f**3 + 3*f**2 - 6*f + 5. What are the prime factors of x(1)?
3, 5, 23, 97
Let t(q) = -35*q**2 - 21*q + 2. Let y(s) = -3*s + 1. Let h(k) = -t(k) + 4*y(k). What are the prime factors of h(-4)?
2, 263
Suppose 127148 = 15*v - 99082. List the prime factors of v.
2, 7541
Let r be 171/(-38)*5/((-45)/4). List the prime factors of (-24 - -27)/(r/234).
3, 13
Let t(q) = 14*q**2 + 48*q - 64. List the prime factors of t(-11).
2, 19, 29
Let j be 1 + ((-2)/7 - (-16)/56). Let q be 172/(-22) - ((-13)/(-11) - j). What are the prime factors of q/(-12) - (-885)/9?
3, 11
Suppose 5*l + 3*p - 40 = 0, -4*l = -l + 3*p - 18. Suppose 0 = 4*x + 3*n - 48, -n = 3*x - 5*n - l. What are the prime factors of 30/x*-15*(-2 - -1)?
2, 5
Suppose -10*z - z = -14*z + 32955. List the prime factors of z.
5, 13
Suppose 3*y + 4*a = 2850, 4*y - 2430 = -4*a + 1374. Let n = 1069 + y. Suppose -12*f = -n + 667. List the prime factors of f.
113
Let j be (32/44)/((-4)/(-22)). Let q(w) be the third derivative of w**4/8 - 5*w**3/6 + 2*w**2. List the prime factors of q(j).
7
Let h be -2*(2 + (-7)/((-35)/(-20))). Suppose -11*r = h*r - 4875. List the prime factors of r.
5, 13
Let i be 31/(-6) + (-2)/(-12) + 1. Let c(r) = -10*r**3 + 3*r**2 - 8*r - 28. What are the prime factors of c(i)?
2, 173
Suppose 0 = 4*g + 28, 6254 = -653*u + 654*u - 2*g. List the prime factors of u.
2, 3, 5, 13
Suppose 43553 + 10870 = 4*i - j, i - 4*j = 13602. List the prime factors of i.
2, 6803
Let m be 1*16/(-4) + 617. Let t = m + -431. Let k = -98 + t. What are the prime factors of k?
2, 3, 7
Suppose 4*s - 3*m = 19965, 22*s + 9984 = 24*s - 2*m. What are the prime factors of s?
3, 1663
What are the prime factors of (10/(-8) - (-2)/4)*-22556?
3, 5639
Suppose 9*r - 18 = -0*r. What are the prime factors of 408 + (15 - 16)/(r/(-6))?
3, 137
List the prime factors of (-3)/(-5)*(65023760/48)/23.
35339
Let j(k) = 70*k + 34. Let i be j(2). List the prime factors of i + 0 - (-13 + 10 + 5).
2, 43
Let u be (-492 + -13)/((-1)/17). List the prime factors of u/(-68)*20/(-25).
101
Let u be 7/2*45*8/10. Let q = u + 336. Suppose -3*k + 3*r = -351, -2*r + 4*r = -4*k + q. What are the prime factors of k?
2, 29
Let x(u) = u**3 + 3*u**2 + 2. Let j be x(-4). Suppose -2*r + 67 = 1. Let v = j + r. List the prime factors of v.
19
Suppose -5*r + 15 = 0, 5*h = -r + 4*r - 4. Let z be 13/39 - (h - (-484)/(-6)). Let k = z - 55. What are the prime factors of k?
5
Suppose 4*j = h + 36026, -5*h + 7*h = -3*j + 27025. List the prime factors of j.
9007
Suppose -3*a + 4*q + 14018 = -138245, -4*q = -2*a + 101510. What are the prime factors of a?
50753
Suppose 17850 = 10*d - 19418 - 22542. List the prime factors of d.
5981
Let k = 13312 - -5822. What are the prime factors of k?
2, 3, 1063
Let n be 25 + 10 - (7 + 0). List the prime factors of (-7)/(n/(-2176)) - 7.
3, 179
Let s(u) = u**3 - 55*u**2 + 101*u - 70. Let x(j) = -2*j**3 + 109*j**2 - 202*j + 140. Let p(w) = 5*s(w) + 3*x(w). What are the prime factors of p(50)?
2, 5
Let z(i) = i**2 - 10*i - 56. Let c be z(11). What are the prime factors of (-330)/(-4)*(-252)/c?
2, 3, 7, 11
Let d(u) = -2*u**2 + 4. Let q be d(0). Suppose -3*z = m - 69, -q*z - m - 48 = -139. Let b(l) = 5*l - 9. List the prime factors of b(z).
101
Let i(b) = -5*b - 30. Let j be i(-7). Suppose 0 = -j*r + 5*t - 320, 256 = -4*r + 2*t + 2. Let x = 96 + r. What are the prime factors of x?
3, 11
Let y(x) = -3174*x + 800. List the prime factors of y(-11).
2, 7, 2551
Let l(b) be the second derivative of -b**5/20 - b**4/2 - 5*b**3/3 - 5*b**2 - b - 9. Let i be l(-4). Let x(w) = -33*w + 6. List the prime factors of x(i).
2, 3
Suppose -181*n - 2031 = -180*n. List the prime factors of (-108)/(-126) - n/7.
3, 97
Suppose -909477 - 281886 = -111*c. List the prime factors of c.
10733
Suppose -3*g - 5690 = -1499. Let w = g + 1961. List the prime factors of w.
2, 3, 47
What are the prime factors of 1 - ((-5)/(-7) + 0) - 3000600/(-315)?
2, 11, 433
Suppose 2*s - 2*v = 1308, -2*v + 3*v = -s + 644. Let o = -107 + s. List the prime factors of o.
2, 271
What are the prime factors of (14/(-5))/(2241278/(-186770) + 12)?
2, 7, 983
Suppose -11*v = -108 + 31. Let d = -3 - v. List the prime factors of ((-348)/(-10))/(d/(-50)).
2, 3, 29
List the prime factors of 3292*(-3)/3*((5 - 4) + -3).
2, 823
Let d = -883 - -849. What are the prime factors of (5 - (-87965)/85) + (-4)/d?
2, 5, 13
Let i(r) = r**2 + 34*r + 41. Let u be i(-19). Let w be (-6)/(-21) + u/(-28). List the prime factors of 862/9 - (-2)/w.
2, 3
Suppose 5*h - 119365 = -5*d, 476*h - 472*h - 95507 = -d. What are the prime factors of h?
2, 11939
Let z = 43 - 48. Let r be z + 1 + 3 + 11. What are the prime factors of 2499/35 - (4/r - 0)?
71
Suppose 31*d = 33*d - 4*w - 14520, 4*d - 29028 = 4*w. List the prime factors of d.
2, 3, 13, 31
Let h = 385 - 381. Let w = 9 - 4. Suppose 4*z = -w*y + 319, 4*z - 87 - 205 = h*y. What are the prime factors of z?
2, 19
Suppose 16*p = 6*p + 50. Let v = -37 + 37. What are the prime factors of -2 + 199 - (v + p)?
2, 3
Let a be 30/1*5/(-15)*-1. Suppose -24*v + a*v + 5754 = 0. What are the prime factors of v?
3, 137
Suppose 7321 = 73*f + 9365. Suppose -2*g + 20 = -4*g. List the prime factors of g/(-35) + (-916)/f.
3, 11
Suppose -24034 = -3*t - 2*c + 8195, -5*c = -t + 10726. What are the prime factors of t?
23, 467
Let o(s) = -2*s**3 + s**3 - 16*s**2 + 15*s - 45*s + 1 + 0*s**3. Let l(h) = 14*h + 97. Let t be l(-8). What are the prime factors of o(t)?
2, 113
Suppose 912*u - 34869 = 909*u. List the prime factors of u.
59, 197
Suppose 0 = 6*j - 4 - 1004. Let a = -50 + j. What are the prime factors of a/(-4)*30/(-15)?
59
Suppose 3*l + 4*f - 205195 = 0, -f = -52*l + 57*l - 342037. What are the prime factors of l?
3, 11, 691
Suppose -3*l - 480 = 3*d + d, 0 = l - 4*d + 176. What are the prime factors of (15/(-10))/(-1)*l/(-3)?
2, 41
Let b(j) = j**2 - 24*j + 46. Let p be (-1 - 34/10)/(5/(-25)). Let x be b(p). What are the prime factors of (-186)/(-6) - (6 - x)?
3
What are the prime factors of (11 - 5 - (0 + 9)) + (-5317)/(-1)?
2, 2657
Let t(h) = h**3 + 7*h**2 + 8*h - 7. Let o be t(-3). Suppose -o*d - 96 = -10*d - 3*v, 3*v = 4*d - 66. What are the prime factors of d?
2, 3
Let s(b) be the third derivative of -b**6/120 - b**4/4 - b**3/6 + 15*b**2. Let o be s(-5). Suppose -o + 49 = -3*x. What are the prime factors of x?
5, 7
Suppose 32 + 10 = 2*j - 2*b, 0 = -3*j - 3*b + 33. Let p = 108 + j. What are the prime factors of p?
2, 31
Let i = 34 - -161. Let v be 2*2 - (-702)/(-12)*2. Let h = v + i. List the prime factors of h.
2, 41
Let m be 3/((-6)/(-40)) + (-28)/7. Suppose -m = -5*y + z, y - 3*z - 2 = -10. Suppose t - 2*t + y*r = -93, -5*t = 4*r - 561. List the prime factors of t.
109
Suppose -5*b = 13 - 148. Suppose -b - 155 = 2*x. Let t = 52 - x. List the prime factors of t.
11, 13
Suppose -114 - 336 = -2*t. Let i = -490 + 467. Let n = i + t. What are the prime factors of n?
2, 101
Suppose -4*f + 54 = -118. Suppose -3*g - 2*x = -46, 3*g + 5*x = f + 18. What are the prime factors of g?
2, 3
Let w = -223 - -193. List the prime factors of 866 - (-6)/(w/35).
859
Suppose 5*f = -2*k + 450, f - 2*k = 3*k + 63. Suppose n = -0*n - 4*c + f, -n + 76 = c. List the prime factors of (-399)/(-27) - (-16)/n.
3, 5
Let i(l) = -5*l + 6. Let f be i(-8). Let y = 52 - f. What are the prime factors of 7/42 - (-665)/y?
3, 37
Let n = -17 - -19. Suppose n*t = 3*m - 2, 3*t + 4 = -2*m + 1. Suppose m = 3*c - 6*c + 318. List the prime factors of c.
2, 53
Let i = 956 - -1394. List the prime factors of i.
2, 5, 47
Let g = -132 - -406. Suppose 2005 = -g*z + 279*z. What are the prime factors of z?
401
List the prime factors of 472/5*12/30*(-5825)/(-4).
2, 59, 233
Let z(r) = -r**3 - 36*r**2 + 14*r - 77. Let y be z(-35). Let o = -854 - y. List the prime factors of o.
2, 7, 67
Let h be -1*0/(8 - 5). Suppose h = i - 226 - 31. What are the prime factors of i?
257
Let k(r) = -r**3 - 4*r**2 + 7*r + 21. Let j be k(-6). Suppose 56*h - 380 = j*h. What are the prime factors of h?
2, 19
